{"id":18,"date":"2016-10-12T11:23:19","date_gmt":"2016-10-12T11:23:19","guid":{"rendered":"http:\/\/themes.muffingroup.com\/be\/herbal\/?page_id=18"},"modified":"2021-03-03T10:53:15","modified_gmt":"2021-03-03T10:53:15","slug":"contact","status":"publish","type":"page","link":"https:\/\/erfindik.com\/?page_id=18","title":{"rendered":"\u0130LET\u0130\u015e\u0130M"},"content":{"rendered":"","protected":false},"excerpt":{"rendered":"","protected":false},"author":1,"featured_media":0,"parent":0,"menu_order":0,"comment_status":"closed","ping_status":"closed","template":"","meta":{"spay_email":"","footnotes":""},"class_list":["post-18","page","type-page","status-publish","hentry"],"_links":{"self":[{"href":"https:\/\/erfindik.com\/index.php?rest_route=\/wp\/v2\/pages\/18","targetHints":{"allow":["GET"]}}],"collection":[{"href":"https:\/\/erfindik.com\/index.php?rest_route=\/wp\/v2\/pages"}],"about":[{"href":"https:\/\/erfindik.com\/index.php?rest_route=\/wp\/v2\/types\/page"}],"author":[{"embeddable":true,"href":"https:\/\/erfindik.com\/index.php?rest_route=\/wp\/v2\/users\/1"}],"replies":[{"embeddable":true,"href":"https:\/\/erfindik.com\/index.php?rest_route=%2Fwp%2Fv2%2Fcomments&post=18"}],"version-history":[{"count":2,"href":"https:\/\/erfindik.com\/index.php?rest_route=\/wp\/v2\/pages\/18\/revisions"}],"predecessor-version":[{"id":215,"href":"https:\/\/erfindik.com\/index.php?rest_route=\/wp\/v2\/pages\/18\/revisions\/215"}],"wp:attachment":[{"href":"https:\/\/erfindik.com\/index.php?rest_route=%2Fwp%2Fv2%2Fmedia&parent=18"}],"curies":[{"name":"wp","href":"https:\/\/api.w.org\/{rel}","templated":true}]}}